58859?
3058859
List the prime factors of 572223.
3, 19, 10039
List the prime factors of 15495919.
15495919
List the prime factors of 443194.
2, 19, 107, 109
List the prime factors of 1375295.
5, 275059
What are the prime factors of 10071047?
7, 1438721
What are the prime factors of 239842?
2, 119921
List the prime factors of 453216.
2, 3, 4721
List the prime factors of 2549990.
2, 5, 19, 13421
List the prime factors of 237441.
3, 79147
List the prime factors of 128548.
2, 7, 4591
List the prime factors of 230307.
3, 7, 11, 997
What are the prime factors of 1652040?
2, 3, 5, 13, 353
List the prime factors of 131989.
11, 13, 71
What are the prime factors of 5104?
2, 11, 29
List the prime factors of 1143792.
2, 3, 13, 47
What are the prime factors of 34504696?
2, 17, 53, 4787
List the prime factors of 3224674.
2, 809, 1993
What are the prime factors of 14676661?
17, 61, 14153
List the prime factors of 218948.
2, 127, 431
What are the prime factors of 1045548?
2, 3, 7, 461
List the prime factors of 1770629.
7, 19, 13313
List the prime factors of 12969884.
2, 23, 140977
What are the prime factors of 12650877?
3, 468551
List the prime factors of 859459.
859459
What are the prime factors of 69739?
69739
List the prime factors of 960529.
751, 1279
What are the prime factors of 62800?
2, 5, 157
What are the prime factors of 13209332?
2, 19, 173807
What are the prime factors of 1899476?
2, 79, 6011
What are the prime factors of 586531?
11, 71, 751
List the prime factors of 20899548.
2, 3, 23, 43, 587
List the prime factors of 187564.
2, 13, 3607
List the prime factors of 743522.
2, 13, 28597
What are the prime factors of 3119181?
3, 13, 79979
List the prime factors of 101186.
2, 50593
What are the prime factors of 430469?
13, 33113
List the prime factors of 2415055.
5, 31, 15581
What are the prime factors of 208078?
2, 13, 53, 151
What are the prime factors of 1391620?
2, 5, 17, 4093
What are the prime factors of 402959?
53, 7603
List the prime factors of 2163066.
2, 3, 360511
List the prime factors of 372060.
2, 3, 5, 13, 53
List the prime factors of 16160.
2, 5, 101
List the prime factors of 1174310.
2, 5, 117431
List the prime factors of 32278.
2, 16139
List the prime factors of 11784424.
2, 59, 24967
What are the prime factors of 14692634?
2, 11, 277, 2411
List the prime factors of 3056138.
2, 67, 22807
What are the prime factors of 322304?
2, 1259
What are the prime factors of 22457?
17, 1321
List the prime factors of 654222.
2, 3, 109037
What are the prime factors of 1462737?
3, 151, 3229
What are the prime factors of 5511591?
3, 204133
What are the prime factors of 195574?
2, 97787
What are the prime factors of 182009?
182009
What are the prime factors of 849352?
2, 7, 29, 523
What are the prime factors of 9982553?
7, 17, 149, 563
What are the prime factors of 330286?
2, 11, 15013
What are the prime factors of 7629417?
3, 282571
What are the prime factors of 7645376?
2, 17, 7027
What are the prime factors of 3886694?
2, 7, 227, 1223
What are the prime factors of 3111476?
2, 17, 45757
What are the prime factors of 494329?
11, 44939
List the prime factors of 929208.
2, 3, 7, 5531
List the prime factors of 467217.
3, 51913
List the prime factors of 1920827.
1373, 1399
List the prime factors of 2726727.
3, 908909
List the prime factors of 4897657.
43, 113899
List the prime factors of 4196897.
4196897
List the prime factors of 653786.
2, 7, 17, 41, 67
List the prime factors of 676319.
7, 79, 1223
List the prime factors of 5682233.
17, 79, 4231
What are the prime factors of 16224304?
2, 191, 5309
What are the prime factors of 1174649?
7, 17, 9871
What are the prime factors of 295120?
2, 5, 7, 17, 31
List the prime factors of 4147275.
3, 5, 11, 457
List the prime factors of 513519.
3, 17, 10069
List the prime factors of 8718744.
2, 3, 103, 3527
What are the prime factors of 116889?
3, 47, 829
List the prime factors of 5670423.
3, 11, 41, 127
List the prime factors of 73716.
2, 3, 6143
What are the prime factors of 1947707?
17, 114571
List the prime factors of 1283751.
3, 7, 41, 71
What are the prime factors of 450473?
450473
List the prime factors of 500206.
2, 7, 35729
List the prime factors of 520181.
571, 911
What are the prime factors of 5334785?
5, 281, 3797
List the prime factors of 2473508.
2, 618377
What are the prime factors of 6994926?
2, 3, 19, 113, 181
What are the prime factors of 222276?
2, 3, 18523
List the prime factors of 7803157.
1571, 4967
What are the prime factors of 19816207?
239, 82913
What are the prime factors of 17197123?
23, 71, 10531
What are the prime factors of 939815?
5, 187963
What are the prime factors of 329813?
11, 29983
List the prime factors of 167245.
5, 13, 31, 83
What are the prime factors of 4330180?
2, 5, 216509
List the prime factors of 826368.
2, 3, 269
What are the prime factors of 20790880?
2, 5, 11, 11813
What are the prime factors of 4298747?
167, 25741
What are the prime factors of 3255127?
3255127
What are the prime factors of 12953944?
2, 1619243
What are the prime factors of 326763?
3, 36307
What are the prime factors of 1481457?
3, 167, 2957
List the prime factors of 4822227.
3, 178601
What are the prime factors of 4342061?
37, 117353
What are the prime factors of 75092?
2, 18773
List the prime factors of 1240862.
2, 7, 61, 1453
What are the prime factors of 184404?
2, 3, 11, 127
What are the prime factors of 1272803?
7, 349, 521
What are the prime factors of 254020?
2, 5, 13, 977
What are the prime factors of 300343?
300343
List the prime factors of 139714.
2, 69857
List the prime factors of 1824482.
2, 11, 127, 653
List the prime factors of 3044.
2, 761
What are the prime factors of 631556?
2, 157889
List the prime factors of 550824.
2, 3, 59, 389
What are the prime factors of 471128?
2, 7, 47, 179
What are the prime factors of 340227?
3, 12601
What are the prime factors of 115114?
2, 57557
What are the prime factors of 5855876?
2, 13, 19, 5927
What are the prime factors of 25105012?
2, 6276253
List the prime factors of 3543874.
2, 1771937
What are the prime factors of 3571073?
11, 2683
What are the prime factors of 2868618?
2, 3, 113, 4231
What are the prime factors of 380629?
380629
List the prime factors of 544870.
2, 5, 23, 103
List the prime factors of 96824.
2, 7, 13, 19
List the prime factors of 1958892.
2, 3, 13, 29, 433
List the prime factors of 428005.
5, 85601
What are the prime factors of 1799412?
2, 3, 113, 1327
List the prime factors of 644603.
349, 1847
List the prime factors of 25333291.
1741, 14551
What are the prime factors of 21891263?
2273, 9631
What are the prime factors of 2508928?
2, 17, 1153
List the prime factors of 132554.
2, 191, 347
List the prime factors of 1714537.
11, 79, 1973
List the prime factors of 1351850.
2, 5, 19, 1423
What are the prime factors of 1957615?
5, 11, 35593
What are the prime factors of 4614731?
11, 443, 947
List the prime factors of 3262156.
2, 815539
List the prime factors of 17062401.
3, 269, 21143
What are the prime factors of 1116905?
5, 223381
List the prime factors of 2600544.
2, 3, 103, 263
List the prime factors of 10083508.
2, 1489, 1693
What are the prime factors of 83578?
2, 11, 29, 131
What are the prime factors of 1361787?
3, 7, 19, 3413
List the prime factors of 6636656.
2, 13, 31907
List the prime factors of 73956.
2, 3, 6163
List the prime factors of 83324.
2, 37, 563
List the prime factors of 8384047.
7, 171103
List the prime factors of 373945.
5, 11, 13, 523
What are the prime factors of 386816?
2, 1511
List the prime factors of 541814.
2, 7, 13, 229
What are the prime factors of 349896?
2, 3, 61, 239
List the prime factors of 110004.
2, 3, 89, 103
What are the prime factors of 6643091?
7, 13, 37, 1973
List the prime factors of 87822.
2, 3, 7, 17, 41
List the prime factors of 164106.
2, 3, 1013
List the prime factors of 622520.
2, 5, 79, 197
What are the prime factors of 6455118?
2, 3, 1075853
What are the prime factors of 6502585?
5, 17, 113, 677
List the prime factors of 288655.
5, 57731
List the prime factors of 1203073.
17, 70769
List the prime factors of 70460.
2, 5, 13, 271
List the prime factors of 19512576.
2, 3, 941
List the prime factors of 5118808.
2, 639851
List the prime factors of 260195.
5, 13, 4003
List the pr